. Determine a(-4).
10
Let q(w) = 8*w**3 + 6*w**2 - 27*w - 33. Determine q(-1).
-8
Let v(k) = -k**3 + 5*k**2 + k + 22. Determine v(6).
-8
Let o(f) = -2*f**2 - 54*f + 962. What is o(-40)?
-78
Let r(y) = -4*y**3 - 35*y**2 + 32*y + 76. Give r(-10).
256
Let l(f) = 102*f**2 + 1834*f - 42. Give l(-18).
-6
Let j(i) = 12*i + 134. Give j(-11).
2
Let a(c) = c**3 - c**2 - 2*c - 14. Calculate a(0).
-14
Let i(z) = 2*z**3 + z**2 + 7*z + 49. Give i(-3).
-17
Let d(l) = 46*l**2 - 416*l - 44. Give d(10).
396
Let n(v) = v**3 + 24*v**2 + 145*v + 664. Give n(-18).
-2
Let a(s) = s**3 - 14*s**2 + 10*s + 40. What is a(12)?
-128
Let b(x) = x**2 - 16*x + 33. Determine b(13).
-6
Let t(r) = 3*r**2 + 174*r + 170. Give t(-57).
-1
Let f(j) = 3*j**2 - 22*j - 435. What is f(-12)?
261
Let v(t) = -2*t**2 - 101*t + 165. What is v(-52)?
9
Let l(w) = -4*w**3 - 88*w**2 + 3*w + 38. What is l(-22)?
-28
Let t(j) = -3*j + 414. Give t(-12).
450
Let d(k) = 422*k + 3384. Calculate d(-8).
8
Let r(k) = k**2 - 134*k - 3791. Calculate r(158).
1
Let h(m) = 3*m**3 - 25*m**2 + 24*m + 30. Calculate h(7).
2
Let i(d) = d**3 + 4*d**2 + 14*d + 40. Determine i(-4).
-16
Let u(v) = 3*v**2 + 301*v + 954. Calculate u(-97).
-16
Let m(c) = -13*c**3 + c**2 - 4*c - 1. Determine m(2).
-109
Let t(y) = 2*y**2 - 29*y - 270. Calculate t(16).
-222
Let m(r) = 2*r**2 + 74*r - 241. Determine m(-40).
-1
Let o(u) = -1265*u + 8840. Calculate o(7).
-15
Let z(a) = -a**3 + 45*a**2 + 302*a - 9775. Give z(47).
1
Let n(b) = b**3 + 60*b**2 + 125*b + 445. Give n(-58).
-77
Let o(m) = -2*m**2 + 10*m + 48. Determine o(8).
0
Let u(j) = -39*j - 250. Give u(-17).
413
Let j(x) = x**2 - 5322*x + 37214. Determine j(7).
9
Let c(s) = 10*s**2 - 686*s + 352. Give c(68).
-56
Let p(k) = -3*k**2 - 2*k + 25. Calculate p(-8).
-151
Let y(a) = a**3 + 37*a**2 - 171*a - 2045. What is y(-40)?
-5
Let c(g) = 3*g**3 - 19*g - 11. Calculate c(-3).
-35
Let g(f) = -405*f - 1224. Calculate g(-3).
-9
Let r(u) = 3*u**3 + 85*u**2 + 33*u + 152. What is r(-28)?
12
Let i(p) = -p**2 + 36*p + 1249. Calculate i(-20).
129
Let t(b) = b**2 - 40*b + 320. Determine t(31).
41
Let b(k) = k**2 + 62*k + 466. Determine b(-53).
-11
Let d(l) = -92*l**2 - l. What is d(-1)?
-91
Let j(l) = -14*l**2 - 257*l + 168. Determine j(-19).
-3
Let y(b) = -23*b**2 - 211*b - 23. What is y(-9)?
13
Let k(q) = -3*q**2 + 35*q - 87. Give k(8).
1
Let l(n) = -66*n + 914. Determine l(14).
-10
Let k(v) = v**2 - 21*v + 64. Calculate k(16).
-16
Let j(r) = -r**3 - 29*r**2 - 29*r + 119. Determine j(-28).
147
Let m(k) = -8*k + 277. Calculate m(2).
261
Let k(q) = -q**2 - 837*q - 838. Calculate k(-1).
-2
Let b(t) = 6*t - 46. Give b(13).
32
Let w(m) = -106*m + 1189. Give w(11).
23
Let v(z) = -z**3 + 2*z**2 + 35*z + 9. Give v(7).
9
Let s(q) = -25*q - 270. Give s(-16).
130
Let k(m) = 73*m - 791. What is k(11)?
12
Let y(o) = -8*o + 151. What is y(16)?
23
Let r(d) = 246*d + 742. Calculate r(-3).
4
Let h(u) = -25*u + 266. What is h(9)?
41
Let o(y) = -y**3 + 2*y**2 + 565*y - 230. Calculate o(-23).
0
Let t(n) = 15*n - 480. What is t(33)?
15
Let k(o) = 3*o**2 - 52*o - 22. Give k(17).
-39
Let c(d) = d**2 + 52*d + 318. What is c(-47)?
83
Let a(v) = 150*v**2 + 2*v - 1. Give a(1).
151
Let c(h) = -135*h + 538. Determine c(4).
-2
Let u(k) = k**2 + 207*k + 8527. Give u(-57).
-23
Let q(r) = 6*r**2 + 324*r + 3773. Give q(-37).
-1
Let k(l) = 2*l**2 + 97*l - 497. Determine k(-53).
-20
Let z(t) = -10*t - 303. What is z(-3)?
-273
Let m(f) = -f**2 - 386*f + 1542. Calculate m(4).
-18
Let s(p) = p**3 - 24*p**2 + 56*p - 244. Calculate s(22).
20
Let b(k) = 491*k - 4432. Determine b(9).
-13
Let m(j) = j**3 + 72*j**2 - 124*j + 1795. What is m(-74)?
19
Let k(v) = -v**2 - 1160*v - 38283. Give k(-34).
1
Let m(z) = 5*z**2 + 690*z + 1363. Calculate m(-136).
3
Let j(w) = -15*w + 125. Determine j(7).
20
Let h(b) = -b**3 - 3*b**2 + 135*b + 409. Calculate h(-3).
4
Let a(m) = -2*m**3 - 13*m**2 - 14*m + 31. Give a(-4).
7
Let n(j) = -j**2 + 15*j + 114. What is n(21)?
-12
Let u(r) = -r**3 - 72*r**2 - 285*r - 879. Give u(-68).
5
Let l(m) = -17*m + 482. Give l(11).
295
Let l(z) = -z**2 + 75*z + 563. Give l(-7).
-11
Let n(x) = x**3 - 11*x**2 + 21*x - 45. Determine n(11).
186
Let z(w) = -12*w**3 - 6*w**2 + 7*w - 2. What is z(2)?
-108
Let j(y) = y**2 - 33*y + 7. What is j(37)?
155
Let h(x) = 4*x**3 + 11*x**2 + 13*x - 9. Calculate h(-6).
-555
Let k(l) = -4*l**3 - 19*l**2 - 28*l + 10. Calculate k(-6).
358
Let a(d) = 156*d + 1877. Calculate a(-12).
5
Let u(r) = -5*r**3 - 152*r**2 - 66*r - 175. Determine u(-30).
5
Let t(y) = -y**2 - 80*y - 710. Calculate t(-70).
-10
Let k(v) = -34*v**2 + 4*v + 7. Determine k(-1).
-31
Let v(r) = -r**3 - 24*r**2 - 158*r - 321. Calculate v(-15).
24
Let o(u) = 120*u - 5. What is o(0)?
-5
Let l(t) = -t**2 + 21*t + 5. What is l(22)?
-17
Let s(r) = -r**3 - 4*r**2 + 3*r + 3. What is s(-5)?
13
Let a(z) = z**2 + 109*z - 2139. What is a(-126)?
3
Let f(b) = b**3 - 1307*b + 24. Determine f(0).
24
Let s(o) = o**3 - 4*o - 10. What is s(0)?
-10
Let i(u) = -3*u - 132. Determine i(-2).
-126
Let s(b) = -37*b - 2763. Determine s(-79).
160
Let r(c) = 2*c**2 - 155*c + 173. Determine r(75).
-202
Let u(z) = -z**3 + 2*z**2 - 40*z - 6. Determine u(8).
-710
Let w(a) = 687*a + 4107. Determine w(-6).
-15
Let y(w) = -w**2 + 159*w - 6318. Determine y(79).
2
Let j(z) = 10*z**2 - 86*z - 114. Determine j(10).
26
Let t(j) = 51*j**2 - 3*j + 6. Calculate t(2).
204
Let v(k) = -k**3 - 17*k**2 - 26*k + 6. Give v(-15).
-54
Let w(l) = -388*l - 61329. Determine w(-158).
-25
Let a(y) = -47*y - 2231. Determine a(-47).
-22
Let w(z) = -89*z + 7870. What is w(88)?
38
Let w(f) = 83*f**2 - 19*f + 10. Determine w(1).
74
Let s(o) = 10*o**2 - 40*o - 10. Give s(7).
200
Let c(q) = q**3 - 13*q**2 - 148*q + 1849. What is c(14)?
-27
Let d(s) = s**2 - 31*s - 694. Give d(43).
-178
Let k(g) = -7*g**2 + 300*g - 2708. Determine k(30).
-8
Let k(m) = -35*m + 96. What is k(5)?
-79
Let j(f) = f**3 + 232*f**2 - 463*f + 1193. Determine j(-234).
23
Let t(i) = -5*i**3 + 3*i**2 + 259*i - 765. What is t(3)?
-96
Let s(n) = -87*n**2 - 262*n - 4. What is s(-3)?
-1
Let o(x) = x**3 - 3*x**2 + 32*x - 98. What is o(7)?
322
Let t(i) = 642*i + 5790. What is t(-9)?
12
Let v(w) = -w**2 + 118*w + 155. What is v(119)?
36
Let g(d) = 37*d**2 - 262*d + 24. Give g(7).
3
Let c(l) = 3*l**3 - 46*l**2 - 27*l + 630. Give c(15).
0
Let u(g) = -687*g - 5487. What is u(-8)?
9
Let g(d) = -62*d - 658. Calculate g(-12).
86
Let q(a) = 3*a**3 - 28*a**2 + 70*a - 894. Give q(10).
6
Let p(r) = -2982*r + 5960. Determine p(2).
-4
Let j(s) = 134*s - 10436. Determine j(78).
16
Let f(z) = -118*z + 20842. Calculate f(177).
-44
Let s(c) = c**2 - 96*c + 367. Give s(92).
-1
Let r(h) = -h**3 + 9*h**2 - 9*h + 9. Determine r(3).
36
Let h(u) = u**3 - 3*u**2 - 8*u - 19. What is h(6)?
41
Let f(x) = 3426*x + 17115. Calculate f(-5).
-15
Let r(a) = 36*a - 276. Give r(0).
-276
Let k(y) = 80*y + 7419. What is k(-93)?
-21
Let d(s) = s**3 + 129*s**2 + 132*s + 509. Give d(-128).
-3
Let g(m) = 154*m + 23. Calculate g(-1).
-131
Let m(c) = c**3 + 49*c**2 + 32*c + 106. Give m(-48).
874
Let b(h) = -74*h + 359. Determine b(5).
-11
Let b(v) = -21*v + 991. Give b(51).
-80
Let a(b) = 430*b + 1299. What is a(-3)?
9
Let j(c) = -11*c**2 + 120*c - 42. Calculate j(12).
-186
Let w(v) = -10*v - 42. Determine w(-2).
-22
Let i(j) = -195*j + 1797. What is i(9)?
42
Let j(c) = -c**2 + 1141*c - 21311. Give j(19).
7
Let i(u) = -3*u**2 + 18*u - 9. Calculate i(6).
-9
Let d(p) = -291*p**2 - 13*p - 12. Calculate d(-1).
-290
Let c(w) = -3231*w + 93702. What is c(29)?
3
Let s(p) = -2*p**2 + p + 4. Calculate s(-4).
-32
Let w(x) = -x**2 + 97*x - 1517. Calculate w(22).
133
Let i(u) = -u**2 + 5*u + 75. What is i(-5)?
25
Let q(o) = -31450*o + 62903. Determine q(2).
3
Let s(k) = -132*k**2 + 58*k + 57. Give s(-1).
-133
Let p(t) = 536*t**2 + 1074*t + 27. Give p(-2).
23
Let u(m) = m**2 - 236*m + 11088. Determine u(171).
-27
Let h(q) = -21*q**2 + 1551*q - 90. Give h(74).
-312
Let n(g) = 2*g**2 + 41*g + 124. Determine n(-18).
34
Let c(l) = l**3 - 5*l**2 - 3*l + 6. Give c(6).
24
Let g(x) = 7*x**2 + 24*x + 42. Determine g(-2).
22
Let j(d) = -2*d**2 + 37*d - 115. Give j(16).
-35
Let v(l) = 2*l**2 + 9*l - 8. Calculate v(6).
118
Let y(b) = -552*b - 276. Calculate y(-1).
276
Let a(d) = -66*d + 7